f 68305 and 3293020.
3595
Calculate the highest common divisor of 172770654 and 7.
7
Calculate the highest common factor of 36313711 and 849.
283
Calculate the highest common factor of 27492953 and 645.
43
What is the highest common divisor of 41268133 and 19?
19
What is the highest common factor of 232 and 1277877576?
232
What is the greatest common factor of 651870 and 11790?
90
Calculate the highest common divisor of 205058 and 522158.
2114
Calculate the highest common divisor of 64 and 3174344.
8
Calculate the greatest common divisor of 56 and 8339912.
56
Calculate the greatest common factor of 21882336 and 16576.
224
Calculate the highest common divisor of 24 and 2067996072.
24
What is the greatest common factor of 468 and 40923324?
468
Calculate the greatest common factor of 3656 and 1570252.
1828
Calculate the highest common divisor of 1637 and 1341146627.
1637
What is the greatest common factor of 8828496 and 4440?
888
Calculate the greatest common divisor of 26858 and 41639.
13
What is the highest common divisor of 2725235 and 185?
185
What is the greatest common divisor of 1425 and 27579450?
1425
Calculate the highest common divisor of 8 and 69259984.
8
What is the greatest common factor of 228534405 and 66?
33
What is the highest common divisor of 8025 and 220125?
75
What is the greatest common factor of 4584 and 71149983?
573
Calculate the highest common divisor of 3238572 and 45552.
876
What is the greatest common factor of 11592 and 131658?
6
What is the greatest common factor of 10306482 and 4?
2
Calculate the greatest common divisor of 3531427 and 341.
31
Calculate the highest common factor of 14157 and 359456526.
1287
Calculate the highest common factor of 144245720 and 760.
760
What is the greatest common divisor of 386345351 and 8722?
4361
What is the greatest common factor of 15 and 1521865?
5
Calculate the highest common divisor of 4322560 and 45.
5
Calculate the greatest common divisor of 297 and 42564192.
33
What is the greatest common factor of 15584994 and 96578?
2246
What is the highest common divisor of 494 and 5686590?
26
Calculate the greatest common divisor of 13766794 and 3010.
86
Calculate the highest common factor of 180 and 21488265.
45
Calculate the highest common factor of 1860 and 601910.
10
What is the highest common factor of 2387588 and 378?
14
Calculate the highest common factor of 16940 and 583352.
308
Calculate the greatest common divisor of 529 and 42400937.
529
What is the highest common divisor of 34661610 and 18?
18
Calculate the highest common factor of 20 and 756005.
5
Calculate the highest common divisor of 415864516 and 1828.
1828
Calculate the greatest common divisor of 699570 and 24714.
18
What is the highest common divisor of 84 and 494970?
42
What is the highest common divisor of 32810 and 3726830?
1930
What is the highest common factor of 4300 and 1641568?
172
Calculate the highest common divisor of 25403 and 105926881.
3629
Calculate the greatest common divisor of 2293 and 49677845.
2293
Calculate the greatest common divisor of 293 and 104003866.
293
What is the greatest common divisor of 130392073 and 21?
7
Calculate the greatest common divisor of 3264 and 59308512.
1632
Calculate the greatest common divisor of 44 and 16476724.
44
Calculate the highest common factor of 22015461 and 8283.
753
What is the highest common divisor of 876 and 30606756?
12
What is the greatest common divisor of 50 and 143154175?
25
What is the greatest common divisor of 232 and 7491628?
116
Calculate the greatest common factor of 49355655 and 75.
15
Calculate the highest common divisor of 94799068 and 140.
28
Calculate the greatest common divisor of 4968633 and 122.
61
What is the highest common divisor of 4256 and 72461440?
608
What is the greatest common divisor of 449631 and 488?
61
What is the greatest common factor of 38130 and 1713308?
2542
What is the highest common factor of 365 and 3061985?
365
What is the highest common divisor of 186822 and 1242?
18
Calculate the highest common divisor of 107 and 3021963443.
107
What is the highest common factor of 813486 and 20?
2
Calculate the greatest common divisor of 4940 and 34116680.
260
What is the highest common factor of 36692995 and 310?
155
What is the greatest common divisor of 205 and 8237269?
41
Calculate the greatest common factor of 15133048 and 11765.
181
What is the highest common factor of 168264 and 3608?
328
Calculate the greatest common divisor of 30 and 15015940.
10
Calculate the greatest common factor of 293 and 9825169.
293
Calculate the highest common divisor of 2530883 and 1952273.
2143
Calculate the highest common factor of 24880996 and 2504.
1252
Calculate the greatest common factor of 9910 and 9396662.
1982
What is the highest common factor of 196834 and 3597?
11
Calculate the greatest common divisor of 11206 and 20826.
26
What is the greatest common factor of 56983050 and 70?
10
What is the greatest common divisor of 441 and 3354426?
9
Calculate the greatest common factor of 384 and 77350848.
192
Calculate the highest common factor of 2 and 134508610.
2
Calculate the greatest common factor of 44 and 2369932290.
22
Calculate the greatest common divisor of 5964 and 770700.
84
Calculate the highest common divisor of 921778600 and 50.
50
Calculate the highest common factor of 687 and 250795533.
687
Calculate the greatest common divisor of 59307 and 1207401.
1119
What is the highest common divisor of 332 and 11957810?
166
Calculate the highest common factor of 26708042 and 2206.
2206
What is the highest common factor of 1947393 and 1071?
63
Calculate the greatest common divisor of 153428370 and 3210.
3210
What is the greatest common factor of 50637816 and 83787?
7617
What is the highest common divisor of 163134 and 3074371?
1007
What is the highest common factor of 299976 and 985768?
232
What is the highest common factor of 7835200 and 25370?
590
What is the greatest common divisor of 33800 and 2889224?
1352
Calculate the highest common factor of 126 and 237426.
42
What is the highest common divisor of 1753090 and 10?
10
What is the greatest common factor of 85284 and 34109?
23
What is the greatest common factor of 1562035 and 1195?
5
Calculate the greatest common divisor of 2 and 12033089.
1
Calculate the greatest common factor of 16115912 and 12840.
856
What is the greatest common divisor of 1167765 and 50292?
381
What is the greatest common divisor of 196 and 2630369?
49
Calculate the highest common factor of 1056705 and 3315.
195
What is the highest common factor of 292078368 and 144?
144
What is the highest common divisor of 2105553 and 4421149?
5123
What is the greatest common divisor of 34165300 and 110?
10
Calculate the greatest common factor of 38 and 3202374.
38
What is the greatest common factor of 4023 and 16529211?
27
Calculate the greatest common divisor of 43555 and 56532985.
1405
Calculate the greatest common divisor of 6621008 and 4428.
164
What is the highest common divisor of 43316 and 467012?
364
Calculate the highest common divisor of 1427485781 and 1201.
1201
What is the greatest common divisor of 80 and 872441320?
40
Calculate the greatest common divisor of 90282644 and 1528.
764
Calculate the highest common divisor of 460 and 414506.
46
Calculate the greatest common divisor of 784 and 190771616.
112
What is the highest common divisor of 50498085 and 1815?
165
Calculate the highest common factor of 531940 and 160.
20
What is the highest common divisor of 480870 and 4590?
270
What is the greatest common divisor of 738 and 37742222?
82
Calculate the highest common factor of 42354 and 32749416.
3258
What is the greatest common divisor of 1428840 and 3560?
40
Calculate the highest common divisor of 14157 and 110593197.
1287
Calculate the greatest common divisor of 17148 and 276.
12
What is the greatest common factor of 1587 and 72573?
3
Calculate the greatest common factor of 860 and 185405680.
860
Calculate the greatest common divisor of 1744 and 262516472.
872
Calculate the greatest common factor of 4 and 682964.
4
Calculate the greatest common factor of 13093065 and 948.
237
Calculate the greatest common factor of 207318 and 800742.
1902
Calculate the highest common factor of 39 and 226288855.
13
What is the grea